0)?
25
Let u be (6/4)/((-6)/(-32)*-1). Calculate the remainder when 88 is divided by (62/u - -4)*-8.
28
Suppose -57 = -15*p + 963. Suppose -2*g = 3*g + 5*b - 75, 0 = 5*g + 4*b - 79. Calculate the remainder when p is divided by g.
11
Let q(m) = -2*m + 9. Suppose 0 = -4*y - 3*y + 35. Let v be q(y). Calculate the remainder when v/8*-4*100 is divided by 17.
16
What is the remainder when (4 + -6)/(2/(-45)) is divided by 40?
5
Suppose -3 = -y + 4*x + 46, 3*y - 83 = -4*x. Let l = y + -30. What is the remainder when 10 is divided by l?
1
Let x = -519 - -527. What is the remainder when 49 is divided by x?
1
Let n(f) = -152*f - 409. What is the remainder when 64 is divided by n(-3)?
17
Let d be -2*(-4)/8 - -37. Suppose -d*w + 39*w = 41. Calculate the remainder when w is divided by 15.
11
Let c = -1249 - -1271. What is the remainder when 244 is divided by c?
2
Let s be (5 - 2) + (96 - 2). Suppose -2*o + h = -0*h - 79, -2*o - 5*h = -s. What is the remainder when o is divided by 14?
13
Let x = -7 - -28. What is the remainder when 114 is divided by x?
9
What is the remainder when 193 is divided by 1*-4 - (2 + 259)/(-9)?
18
Suppose 34 = 5*u + f, -u = 2*f - 5*f - 10. Let w = -15 + u. Let i = w - -11. Calculate the remainder when i is divided by 2.
1
Let l(z) = -z**2 + 14*z - 2. Let h(m) = 4*m. Let v be h(2). Let a be l(v). Let r = 78 - a. Calculate the remainder when r is divided by 11.
10
Let c be 1*81/(-6)*-2. Let j = 43 - c. Suppose -h - 46 = -2*h. Calculate the remainder when h is divided by j.
14
Suppose 2*c + 2 = 3*c - w, -2 = -c - 3*w. Suppose -c*g - 1 = 5*m - 32, 0 = -5*g - 4*m + 120. What is the remainder when g is divided by 16?
12
Suppose w - 3 - 3 = v, -4*w = 4*v - 8. Suppose -5*x + 17 = -4*z, 3*z - 9 = -3. Calculate the remainder when 3/v*102/(-9) is divided by x.
2
Let y = -115 + 117. Suppose 5*t + 31 = 2*o, 4*t + 36 = y*o - 0*o. What is the remainder when o is divided by 15?
13
Suppose -v = -4*v + 39. Suppose v + 0 = u. What is the remainder when 36 is divided by u?
10
Let l(k) = -k**3 + 13*k**2 - 12*k + 5. Let a(x) = x**2 + 9*x - 24. Let n be a(-12). Calculate the remainder when 21 is divided by l(n).
1
Calculate the remainder when -3*(-119)/168*-4*-174 is divided by 40.
39
Suppose 0 = 4*x - 3*x. Let g be 8 - (1 - x)*-3. Suppose 9*r - g*r + 24 = 0. What is the remainder when 46 is divided by r?
10
Let j = 209 + -173. What is the remainder when 130 is divided by j?
22
Let y = -145 - -158. What is the remainder when 155 is divided by y?
12
Suppose 0 = -17*w + 17 + 187. What is the remainder when 310 is divided by w?
10
Let v(r) = -r**2 + 19*r - 12. Let n be 4 + (-12)/(-3) + -4. Let d be 10 + -3 - n/(-2). Calculate the remainder when v(d) is divided by 16.
14
Let r(i) be the second derivative of -3*i**3/2 - 2*i**2 + 9*i. Let a be r(-4). Suppose 102 = 5*x + a. Calculate the remainder when 41 is divided by x.
13
Let f = -142 - -345. What is the remainder when f is divided by 12?
11
Let u = -36 - -68. Suppose -4*x = -b + 33, -4*b + 9*b + 4*x - 117 = 0. Let d = b - 8. What is the remainder when u is divided by d?
15
Let m(a) = -32*a**2 + 2*a - 21 - 3*a + 33*a**2. Calculate the remainder when m(-7) is divided by 9.
8
Let a be (392/(-10))/((-6)/(33 - 3)). Suppose -i = 3*i - a. Calculate the remainder when i is divided by 10.
9
Suppose -4*i = 2*x - 3*i + 39, 3 = x - 4*i. What is the remainder when 51 is divided by -2 + -1 - -4 - x?
15
Let q = 8 + 2. Suppose -81 - 905 = -29*i. What is the remainder when i is divided by q?
4
Let h(p) = p**2 + 12*p - 22. Calculate the remainder when 188 is divided by h(-17).
62
Let r(b) = -4*b + 22. Let g be r(-9). Suppose g = 3*w + 7. Calculate the remainder when 31 is divided by w.
14
Let x be 10/(-25) - 3/5*-4. Suppose 3*r - 40 = -2*r + x*v, -2*r - 13 = 5*v. What is the remainder when 40 is divided by r?
4
Suppose 5*y + 57 = 72. Suppose -2*r - 8 = -4*u, y*u - 4*r - 5 = -3*r. Calculate the remainder when 1 is divided by u.
0
Let b(u) = 4*u**2 - 3*u - 10. Let o be b(-4). Suppose -7*w + o = -w. What is the remainder when 65 is divided by w?
10
Let m(k) be the third derivative of 13*k**6/120 - 2*k**2. What is the remainder when 51 is divided by m(1)?
12
Let g(z) = 3*z**2 + 5*z + 2. Let p(w) = 3*w**2 + 11*w - 24. What is the remainder when g(4) is divided by p(-6)?
16
Calculate the remainder when 85 is divided by (-72)/(-3) - (1 - -19)/(-4).
27
Suppose 0*l - 354 = -2*l. Suppose 47 = 8*d - l. Suppose v - 32 = 22. What is the remainder when v is divided by d?
26
Suppose -3*c = 3*p - p - 39, -3*p = 4*c - 56. Suppose -y - 2*y + 40 = 5*q, 4*q + p = 2*y. Calculate the remainder when 18 is divided by y.
8
Suppose 0 = 13*d - 16*d + 366. Let v(n) = -n**3 - 7*n**2 - 2*n + 11. Calculate the remainder when d is divided by v(-7).
22
Suppose -34*i + 4 = -36*i. What is the remainder when 9*(i - -7) + (2 - 0) is divided by 12?
11
Let g(b) = 4*b**2 + 6. Suppose 0 = 3*l - 4*x - 109, 5*x - 65 = 2*l - 4*l. What is the remainder when l is divided by g(-2)?
13
Let n be 1/(-2)*(-2)/(-1). Calculate the remainder when (1/n)/(5/(-290)) is divided by 10.
8
Let u(m) = 14*m - 12. Let w be u(14). Suppose -6*t = -w - 62. Calculate the remainder when t is divided by 14.
13
Let l = -36 - -33. Let r(b) = -9*b + 6. What is the remainder when r(l) is divided by 9?
6
Let c(p) = 2*p**2 + 9*p + 6. Let v be c(-6). Suppose -2*q - 2*j = -0*j - v, j = 2. Let z = 83 + -35. What is the remainder when z is divided by q?
8
Let c = 19 - 18. What is the remainder when 14 is divided by 15/10*(3 + c)/2?
2
Let c(s) = -4*s - 4. Let q be c(-3). Let z(w) = -w**3 + 8*w**2 + 1. Let u(f) = -54*f + 4. Calculate the remainder when u(0) is divided by z(q).
0
Suppose 0 = 4*k - 0*k + 5*n - 140, -212 = -5*k + 3*n. What is the remainder when 157 is divided by k?
37
Suppose 2*d + 6 = 0, 0 = 5*h - 0*d - d - 113. Suppose 82*n = 101*n - 228. What is the remainder when h is divided by n?
10
Suppose 3*j + 2*n - 32 = 0, 2*j - 5*n = -j + 25. Let h be 114/7 + 6/(-21). What is the remainder when h - 2*(-2 + 1) is divided by j?
8
Calculate the remainder when (-11220)/(-36) - (-4)/(-6) is divided by 12.
11
Let i(o) be the third derivative of 5/24*o**4 + 1/60*o**5 + o**3 + 0 + 2*o**2 + 0*o. What is the remainder when i(-5) is divided by 2?
0
Let n = 230 + -221. What is the remainder when 62 is divided by n?
8
Let m = 140 - 131. Let i be (-2 - 3/(-1)) + -3. What is the remainder when 18*(-3 - m/i) is divided by 14?
13
Suppose 4 + 30 = -f. Let c = f + 79. What is the remainder when c is divided by (1 - 21/(-15))/(43/215)?
9
Let k = -22 + 44. Suppose -2*v = w - 127, -2*v + w = 3*v - 314. What is the remainder when v is divided by k?
19
Suppose 11 + 0 = 3*k - 5*l, 0 = -5*k + l + 55. Suppose 3*u = -2*z - u + 230, 5*z = 5*u + 500. What is the remainder when z is divided by k?
9
Suppose 304 = 4*k + 4*x, 8*k - 3*x - 380 = 3*k. Calculate the remainder when k is divided by (((-4)/(-2))/1)/(56/364).
11
Let o(r) = 2*r**2 + 6*r + 574. What is the remainder when o(0) is divided by 9?
7
Suppose 7*t - 42 = t. Suppose -t*f + 7 = -14. Calculate the remainder when f is divided by (0 + -1)/1 + 4.
0
Let u = 372 - 357. Calculate the remainder when u is divided by 5.
0
Suppose -3*o = 3*z - 24, 3*z - 18 = 4*o + 20. What is the remainder when 15 is divided by z?
5
Let l be 186/10 + (-36)/(-90). Suppose l = 8*r - 21. What is the remainder when 0 - 26/2*-1 is divided by r?
3
Let w(d) = -d**3 + 4*d**2 + d + 7. Let a(c) = 2*c - 14. Let h be a(9). Calculate the remainder when w(h) is divided by 5.
1
Suppose -p + 63 - 32 = 0. What is the remainder when p is divided by (-85)/(-45)*3*3?
14
Let l = 23 + 11. Let j = -19 + l. Suppose 2*p - 7 - 5 = 0. What is the remainder when j is divided by p?
3
Suppose 15 = 5*x, -4*g + 9*x - 4*x = 3. Let k be (99/(-12) - g)*-8. Suppose 0*d - k = -2*d. Calculate the remainder when d is divided by 23.
22
Suppose -a + 36 = a. Suppose -a = -2*p + 88. What is the remainder when p is divided by 14?
11
Let d = 16 + -12. Suppose 11*j - 3 = 151. What is the remainder when j is divided by d?
2
What is the remainder when (-161)/(-4) - 34/136 is divided by 15?
10
Let d(c) = c. Let j be d(2). Suppose -b + 51 = j*b. Suppose -25 = -5*h + 20. What is the remainder when b is divided by h?
8
What is the remainder